Is 3550360711 a prime number?
True
Is 470826299 composite?
True
Is 1237833119 a composite number?
False
Is 1088545487 a composite number?
False
Is 160272587 composite?
True
Is 6224803439 a composite number?
True
Is 7771276427 a prime number?
True
Is 3835378579 prime?
False
Is 193649927 a composite number?
True
Is 136732313 prime?
False
Is 10114446857 composite?
True
Is 29523326213 a composite number?
True
Is 147883161 a composite number?
True
Is 223144699 a prime number?
False
Is 43720684877 a composite number?
False
Is 5473601207 a prime number?
False
Is 17528802299 prime?
True
Is 655074359 a prime number?
False
Is 16847111447 a prime number?
True
Is 2989039138 a composite number?
True
Is 5965024063 prime?
False
Is 65657465803 a composite number?
True
Is 25149319193 a prime number?
False
Is 108080913929 a composite number?
False
Is 465415207 composite?
True
Is 326244887 prime?
False
Is 51477509269 a prime number?
True
Is 1643218341 a composite number?
True
Is 83542743257 composite?
True
Is 564412715 a composite number?
True
Is 16102008217 a composite number?
True
Is 73487423 prime?
True
Is 874571561 a composite number?
False
Is 3362954791 a prime number?
False
Is 1415593637 a prime number?
True
Is 2986296769 prime?
False
Is 58077961 prime?
False
Is 119812308559 composite?
False
Is 852243719 prime?
False
Is 1190178727 prime?
True
Is 2977231267 prime?
False
Is 157229377339 prime?
True
Is 1728174709 composite?
False
Is 10161272369 a prime number?
True
Is 67368446047 a composite number?
True
Is 6314141321 a composite number?
False
Is 431178829 prime?
False
Is 773461889 composite?
False
Is 11910355871 prime?
True
Is 5930131201 a composite number?
False
Is 9842630207 prime?
False
Is 32352294269 a composite number?
False
Is 20464301707 prime?
True
Is 5961893719 composite?
True
Is 2300896991 prime?
True
Is 16824651751 a prime number?
False
Is 93912683 a composite number?
True
Is 32095098001 composite?
False
Is 2976610957 prime?
True
Is 360029169299 prime?
True
Is 49290403157 a composite number?
True
Is 14910490789 a prime number?
True
Is 2295423217 prime?
True
Is 112182367117 composite?
False
Is 388347563 a prime number?
False
Is 2094561818 a prime number?
False
Is 3431927713 a composite number?
False
Is 66915259297 prime?
False
Is 2392614151 a prime number?
True
Is 695854547 composite?
False
Is 1385123141 prime?
True
Is 69647944417 a prime number?
True
Is 307746479 a composite number?
False
Is 150787171 prime?
True
Is 24852441319 prime?
False
Is 7228399 a composite number?
False
Is 2276405731 prime?
False
Is 3421977431 composite?
False
Is 94934968801 a prime number?
True
Is 5655128927 prime?
False
Is 5270014793 prime?
False
Is 802883461 a prime number?
False
Is 157277411 a prime number?
False
Is 4952015801 a prime number?
True
Is 5364821135 a prime number?
False
Is 870854602 a prime number?
False
Is 6972030001 a prime number?
True
Is 1392763685 a composite number?
True
Is 728708179 prime?
False
Is 43244668403 prime?
True
Is 7274941993 a composite number?
True
Is 9520284407 prime?
False
Is 687751739 a prime number?
True
Is 28739811883 composite?
False
Is 500131283 composite?
False
Is 17868656527 composite?
True
Is 1207379947 a prime number?
False
Is 11139573941 a prime number?
True
Is 8044178761 a prime number?
False
Is 21679680401 prime?
False
Is 1073107267 a prime number?
False
Is 264347483 a composite number?
False
Is 2055720269 a composite number?
True
Is 2763523474 a prime number?
False
Is 1988197793 prime?
True
Is 4376719849 prime?
False
Is 11558418343 a prime number?
False
Is 251498544838 composite?
True
Is 42224009759 a composite number?
False
Is 1920327371 a composite number?
False
Is 2459926957 a prime number?
False
Is 2417737219 a composite number?
True
Is 90656863379 prime?
False
Is 930610763 composite?
True
Is 300319919 composite?
False
Is 1151830213 a prime number?
True
Is 980225297 composite?
False
Is 5485581011 prime?
False
Is 29023387643 a composite number?
False
Is 184569019 a composite number?
False
Is 795068663 a prime number?
False
Is 10494092159 a composite number?
False
Is 5014279513 composite?
True
Is 5199985907 composite?
False
Is 582247469 a composite number?
True
Is 2272194359 a composite number?
False
Is 156764051 composite?
False
Is 8465340749 prime?
False
Is 48179253917 composite?
False
Is 2705208773 prime?
True
Is 1135577633 prime?
True
Is 569428649 a composite number?
False
Is 1138164179 a composite number?
False
Is 4088878187 prime?
True
Is 443398469 a prime number?
False
Is 1310556449 prime?
True
Is 2452693769 prime?
True
Is 40309299599 prime?
True
Is 24022915463 a composite number?
False
Is 479153033 composite?
True
Is 2084850731 prime?
False
Is 6370377989 prime?
False
Is 8858668921 composite?
True
Is 2318292817 composite?
False
Is 4159847639 prime?
True
Is 56954676353 a prime number?
False
Is 7685599373 prime?
False
Is 7340136571 a prime number?
False
Is 13775500097 a prime number?
True
Is 788122861 prime?
True
Is 4905650821 prime?
True
Is 6651777253 a composite number?
True
Is 2557143343 a composite number?
True
Is 7630220271 a composite number?
True
Is 32523077794 a composite number?
True
Is 998172569 a composite number?
True
Is 9526498903 a composite number?
False
Is 271419314897 a composite number?
True
Is 262780316663 a prime number?
True
Is 150816009 composite?
True
Is 10442807513 composite?
False
Is 34242835699 a composite number?
False
Is 15043463717 prime?
True
Is 4033878637 a composite number?
False
Is 10028123207 prime?
False
Is 1733091851 a prime number?
True
Is 4971777266 composite?
True
Is 379563599 composite?
False
Is 3329068621 composite?
False
Is 107644575833 a prime number?
True
Is 11660307 composite?
True
Is 7677700543 composite?
False
Is 1017670919 prime?
False
Is 13946301437 a composite number?
False
Is 30522021169 prime?
False
Is 579710071 prime?
True
Is 216850796137 composite?
False
Is 4636390739 a prime number?
False
Is 3532425311 prime?
True
Is 14843122669 a composite number?
True
Is 9360162347 composite?
False
Is 1638611087 prime?
False
Is 8115095327 composite?
False
Is 365283034 a composite number?
True
Is 24177984757 prime?
True
Is 2009056469 a composite number?
True
Is 1873122223 a prime number?
False
Is 31085865739 a composite number?
True
Is 327991627 a composite number?
True
Is 366433003 composite?
False
Is 25638201289 prime?
True
Is 127006547 a prime number?
True
Is 437416979 a composite number?
False
Is 2845314161 composite?
False
Is 2511508003 a prime number?
True
Is 20366048359 a composite number?
False
Is 490133 a prime number?
False
Is 2589486271 a composite number?
True
Is 973819079 a composite number?
False
Is 1246089029 composite?
True
Is 11433280465 a prime number?
False
Is 11658746647 prime?
True
Is 20749448483 a prime number?
True
Is 741222343 a prime number?
True
Is 28321721449 composite?
True
Is 29738749 a prime number?
False
Is 221415527 a prime number?
True
Is 9599730137 prime?
True
Is 87970254139 a prime number?
True
Is 1997663609 a composite number?
False
Is 484999981 prime?
True
Is 108888671 composite?
True
Is 306585817 a prime number?
False
Is 2436915157 a prime number?
False
Is 16346344291 prime?
True
Is 3569120693 a composite number?
False
Is 370046653 composite?
True
Is 1778394983 a composite number?
True
Is 6129409901 a composite number?
False
Is 176087369 prime?
True
Is 277438277 a composite number?
False
Is 613509497 composite?
True
Is 6871407443 a composite number?
True
Is 1532507419 a composite number?
False
Is 363695323 prime?
True
Is 18673186771 composite?
False
Is 4332958193 composite?
True
Is 26923763533 a prime number?
False
Is 9899210819 composite?
True
Is 39319059359 a prime number?
True
Is 5541010171 prime?
False
Is 2448011147 a prime number?
True
Is 1213485029 prime?
False
Is 29234701 prime?
False
Is 24018407 a prime number?
False
Is 11872311713 a composite number?
True
Is 4129934243 composite?
False
Is 2025971839 prime?
False
Is 1232491861 prime?
False
Is 2665063745 prime?
False
Is 350757707 a composite number?
False
Is 5182612989 prime?
False
Is 5751834073 a prime number?
True
Is 66374520413 a composite number?
True
Is 58167982981 a composite number?
True
Is 40133533043 a prime number?
False
Is 7786052587 composite?
True
Is 116816603 a comp